{"id":284362,"date":"2023-12-13T14:17:55","date_gmt":"2023-12-13T13:17:55","guid":{"rendered":"https:\/\/www.focolare.org\/podcast\/"},"modified":"2024-10-17T16:20:47","modified_gmt":"2024-10-17T14:20:47","slug":"podcast","status":"publish","type":"page","link":"https:\/\/www.focolare.org\/es\/podcast\/","title":{"rendered":"Podcast"},"content":{"rendered":"<p>[et_pb_section fb_built=\u00bb1&#8243; custom_padding_last_edited=\u00bbon|phone\u00bb _builder_version=\u00bb4.21.0&#8243; _module_preset=\u00bbdefault\u00bb custom_margin=\u00bb||||false|false\u00bb custom_padding=\u00bb||3%||false|false\u00bb custom_padding_tablet=\u00bb||4%||false|false\u00bb custom_padding_phone=\u00bb||20%||false|false\u00bb top_divider_style=\u00bbramp\u00bb top_divider_color=\u00bb#3FA3D6&#8243; top_divider_height=\u00bb150px\u00bb top_divider_repeat=\u00bb1x\u00bb top_divider_flip=\u00bbhorizontal\u00bb bottom_divider_style=\u00bbramp\u00bb bottom_divider_color=\u00bb#FFB300&#8243; bottom_divider_height=\u00bb150px\u00bb bottom_divider_repeat=\u00bb1x\u00bb bottom_divider_flip=\u00bbhorizontal\u00bb hover_enabled=\u00bb0&#8243; locked=\u00bboff\u00bb global_colors_info=\u00bb{}\u00bb sticky_enabled=\u00bb0&#8243;][et_pb_row _builder_version=\u00bb4.21.0&#8243; _module_preset=\u00bbdefault\u00bb custom_margin=\u00bb0px||0px||false|false\u00bb custom_margin_tablet=\u00bb0px||0px||false|false\u00bb custom_margin_phone=\u00bb-5%||||false|false\u00bb custom_margin_last_edited=\u00bbon|phone\u00bb custom_padding=\u00bb0px||0px||false|false\u00bb global_colors_info=\u00bb{}\u00bb][et_pb_column type=\u00bb4_4&#8243; _builder_version=\u00bb4.21.0&#8243; _module_preset=\u00bbdefault\u00bb global_colors_info=\u00bb{}\u00bb][et_pb_text _builder_version=\u00bb4.23.1&#8243; _module_preset=\u00bbdefault\u00bb header_font=\u00bb|600|||||||\u00bb header_text_align=\u00bbcenter\u00bb header_text_color=\u00bb#FFFFFF\u00bb header_font_size=\u00bb40px\u00bb custom_margin=\u00bb||3%||false|false\u00bb custom_margin_tablet=\u00bb||0px||false|false\u00bb custom_margin_phone=\u00bb||||false|false\u00bb custom_margin_last_edited=\u00bbon|phone\u00bb custom_padding=\u00bb||||false|false\u00bb global_colors_info=\u00bb{}\u00bb]<\/p>\n<h1>Podcast<\/h1>\n<p>[\/et_pb_text][\/et_pb_column][\/et_pb_row][\/et_pb_section][et_pb_section fb_built=\u00bb1&#8243; _builder_version=\u00bb4.19.5&#8243; _module_preset=\u00bbdefault\u00bb custom_padding=\u00bb0px|||||\u00bb global_colors_info=\u00bb{}\u00bb][et_pb_row column_structure=\u00bb1_3,1_3,1_3&#8243; _builder_version=\u00bb4.20.4&#8243; _module_preset=\u00bbdefault\u00bb global_colors_info=\u00bb{}\u00bb][et_pb_column type=\u00bb1_3&#8243; _builder_version=\u00bb4.20.4&#8243; _module_preset=\u00bbdefault\u00bb global_colors_info=\u00bb{}\u00bb][et_pb_blurb title=\u00bbBenedetti Dubbi (disponible solo en italiano)\u00bb url=\u00bbhttps:\/\/open.spotify.com\/show\/2QvAUYT0Ub5UJIdue4xWjy?si=93a999b23d2f4b40&amp;nd=1&#8243; url_new_window=\u00bbon\u00bb image=\u00bbhttps:\/\/www.focolare.org\/wp-content\/uploads\/2023\/12\/PODCAST_BENEDETTI_DUBBI.jpg\u00bb _builder_version=\u00bb4.23.1&#8243; _module_preset=\u00bbdefault\u00bb header_level=\u00bbh3&#8243; header_font=\u00bb|700|||||||\u00bb header_text_color=\u00bb#FFB300&#8243; body_font_size=\u00bb15px\u00bb link_option_url=\u00bbhttps:\/\/open.spotify.com\/show\/2QvAUYT0Ub5UJIdue4xWjy?si=93a999b23d2f4b40&amp;nd=1&#8243; link_option_url_new_window=\u00bbon\u00bb global_colors_info=\u00bb{}\u00bb]<\/p>\n<p>\u00bfA qu\u00e9 estamos llamados? \u00bfCu\u00e1l es el mejor camino para seguir frente a las encrucijadas que la vida nos presenta?  \u00bfNos conocemos a nosotros mismos? \u00bfY, sobre todo, d\u00f3nde escondieron el ant\u00eddoto contra el miedo? Las preguntas que inundan nuestra vida cotidiana son las protagonistas de \u00abBenditas dudas\u00bb, la nueva serie de podcast pensada por los j\u00f3venes y para los j\u00f3venes. Creado por Tommaso Bertolasi e Laura Salerno. <\/p>\n<p>[\/et_pb_blurb][\/et_pb_column][et_pb_column type=\u00bb1_3&#8243; _builder_version=\u00bb4.19.5&#8243; _module_preset=\u00bbdefault\u00bb global_colors_info=\u00bb{}\u00bb][et_pb_blurb title=\u00bbEdu para la unidad (en italiano, espa\u00f1ol y portugu\u00e9s)\u00bb url=\u00bbhttps:\/\/open.spotify.com\/show\/2CoKSBAVStMw41J8N8ZFYZ\u00bb url_new_window=\u00bbon\u00bb image=\u00bbhttps:\/\/www.focolare.org\/wp-content\/uploads\/2023\/12\/EDUXUnity-01.png\u00bb _builder_version=\u00bb4.27.2&#8243; _module_preset=\u00bbdefault\u00bb header_level=\u00bbh3&#8243; header_font=\u00bb|700|||||||\u00bb header_text_color=\u00bb#FFB300&#8243; body_font_size=\u00bb15px\u00bb link_option_url=\u00bbhttps:\/\/open.spotify.com\/show\/2CoKSBAVStMw41J8N8ZFYZ\u00bb link_option_url_new_window=\u00bbon\u00bb locked=\u00bboff\u00bb global_colors_info=\u00bb{}\u00bb]<\/p>\n<p>Un camino en etapas hacia una nueva cultura educativa de la infancia y la adolescencia. Aprender a conocer y acompa\u00f1ar a los j\u00f3venes en su crecimiento, cuidando la realizaci\u00f3n plena y libre a la que est\u00e1n llamados. \u00abEDU FOR UNITY\u00bb es el podcast producido por el equipo de \u00abEduxEdu, Educarse para educar\u00bb, un programa internacional de formaci\u00f3n para educadores promovido por el Movimiento de los Focolares.<\/p>\n<p><a href=\"https:\/\/open.spotify.com\/show\/7ajoeSzx6I59cNh4BAloLb\" target=\"_blank\" rel=\"noopener\">Italiano<\/a> \/ <a href=\"https:\/\/open.spotify.com\/show\/1bdWTnRKN87JTLGWwa5nE3?si=z7Lj9vAqSYirv_9Hn7j9oQ\" target=\"_blank\" rel=\"noopener\">Portugu\u00e9s<\/a><\/p>\n<p>&nbsp;<\/p>\n<p>[\/et_pb_blurb][\/et_pb_column][et_pb_column type=\u00bb1_3&#8243; _builder_version=\u00bb4.24.2&#8243; _module_preset=\u00bbdefault\u00bb global_colors_info=\u00bb{}\u00bb][et_pb_blurb title=\u00bbSparks (en ingl\u00e9s)\u00bb url=\u00bbhttps:\/\/open.spotify.com\/show\/0HBjdYWANuuj628TY9kTBr\u00bb url_new_window=\u00bbon\u00bb image=\u00bbhttps:\/\/www.focolare.org\/wp-content\/uploads\/2024\/02\/Sparks-Podcast-Cover-v2.jpg\u00bb _builder_version=\u00bb4.24.2&#8243; _module_preset=\u00bbdefault\u00bb header_level=\u00bbh3&#8243; header_font=\u00bb|700|||||||\u00bb header_text_color=\u00bb#FFB300&#8243; body_font_size=\u00bb15px\u00bb link_option_url=\u00bbhttps:\/\/open.spotify.com\/show\/0HBjdYWANuuj628TY9kTBr\u00bb link_option_url_new_window=\u00bbon\u00bb locked=\u00bboff\u00bb global_colors_info=\u00bb{}\u00bb]<\/p>\n<p><span>In ogni episodio vi raccontiamo storie di <\/span><em>changemakers<span> <\/span><\/em> <span>de diversas partes del mundo que pusieron en marcha un proyecto, una empresa o un negocio tras inspirarse en una \u00abchispa\u00bb: una peque\u00f1a luz que contagi\u00f3 a muchas otras personas. Cada uno de ellos nos lleva a su pa\u00eds para sumergirnos en su cultura y contarnos c\u00f3mo empez\u00f3 su proyecto.<\/span><\/p>\n<p>&nbsp;<\/p>\n<p>[\/et_pb_blurb][\/et_pb_column][\/et_pb_row][\/et_pb_section]<\/p>\n","protected":false},"excerpt":{"rendered":"<p>Podcast\u00bfA qu\u00e9 estamos llamados? \u00bfCu\u00e1l es el mejor camino para seguir frente a las encrucijadas que la vida nos presenta? \u00bfNos conocemos a nosotros mismos? \u00bfY, sobre todo, d\u00f3nde escondieron el ant\u00eddoto contra el miedo? Las preguntas que inundan nuestra vida cotidiana son las protagonistas de \u00abBenditas dudas\u00bb, la nueva serie de podcast pensada por [&hellip;]<\/p>\n","protected":false},"author":1,"featured_media":0,"parent":0,"menu_order":0,"comment_status":"closed","ping_status":"closed","template":"","meta":{"give_campaign_id":0,"_seopress_robots_primary_cat":"","_seopress_titles_title":"","_seopress_titles_desc":"","_seopress_robots_index":"","_et_pb_use_builder":"on","_et_pb_old_content":"","_et_gb_content_width":"","footnotes":""},"difl_page_category":[],"class_list":["post-284362","page","type-page","status-publish","hentry"],"campaignId":"","_links":{"self":[{"href":"https:\/\/www.focolare.org\/es\/wp-json\/wp\/v2\/pages\/284362","targetHints":{"allow":["GET"]}}],"collection":[{"href":"https:\/\/www.focolare.org\/es\/wp-json\/wp\/v2\/pages"}],"about":[{"href":"https:\/\/www.focolare.org\/es\/wp-json\/wp\/v2\/types\/page"}],"author":[{"embeddable":true,"href":"https:\/\/www.focolare.org\/es\/wp-json\/wp\/v2\/users\/1"}],"replies":[{"embeddable":true,"href":"https:\/\/www.focolare.org\/es\/wp-json\/wp\/v2\/comments?post=284362"}],"version-history":[{"count":0,"href":"https:\/\/www.focolare.org\/es\/wp-json\/wp\/v2\/pages\/284362\/revisions"}],"wp:attachment":[{"href":"https:\/\/www.focolare.org\/es\/wp-json\/wp\/v2\/media?parent=284362"}],"wp:term":[{"taxonomy":"difl_page_category","embeddable":true,"href":"https:\/\/www.focolare.org\/es\/wp-json\/wp\/v2\/difl_page_category?post=284362"}],"curies":[{"name":"wp","href":"https:\/\/api.w.org\/{rel}","templated":true}]}}

<p>[et_pb_section fb_built=»1&#8243; custom_padding_last_edited=»on|phone» _builder_version=»4.21.0&#8243; _module_preset=»default» custom_margin=»||||false|false» custom_padding=»||3%||false|false» custom_padding_tablet=»||4%||false|false» custom_padding_phone=»||20%||false|false» top_divider_style=»ramp» top_divider_color=»#3FA3D6&#8243; top_divider_height=»150px» top_divider_repeat=»1x» top_divider_flip=»horizontal» bottom_divider_style=»ramp» bottom_divider_color=»#FFB300&#8243; bottom_divider_height=»150px» bottom_divider_repeat=»1x» bottom_divider_flip=»horizontal» hover_enabled=»0&#8243; locked=»off» global_colors_info=»{}» sticky_enabled=»0&#8243;][et_pb_row _builder_version=»4.21.0&#8243; _module_preset=»default» custom_margin=»0px||0px||false|false» custom_margin_tablet=»0px||0px||false|false» custom_margin_phone=»-5%||||false|false» custom_margin_last_edited=»on|phone» custom_padding=»0px||0px||false|false» global_colors_info=»{}»][et_pb_column type=»4_4&#8243; _builder_version=»4.21.0&#8243; _module_preset=»default» global_colors_info=»{}»][et_pb_text _builder_version=»4.23.1&#8243; _module_preset=»default» header_font=»|600|||||||» header_text_align=»center» header_text_color=»#FFFFFF» header_font_size=»40px» custom_margin=»||3%||false|false» custom_margin_tablet=»||0px||false|false» custom_margin_phone=»||||false|false» custom_margin_last_edited=»on|phone» custom_padding=»||||false|false» global_colors_info=»{}»]</p>
<h1>Podcast</h1>
<p>[/et_pb_text][/et_pb_column][/et_pb_row][/et_pb_section][et_pb_section fb_built=»1&#8243; _builder_version=»4.19.5&#8243; _module_preset=»default» custom_padding=»0px|||||» global_colors_info=»{}»][et_pb_row column_structure=»1_3,1_3,1_3&#8243; _builder_version=»4.20.4&#8243; _module_preset=»default» global_colors_info=»{}»][et_pb_column type=»1_3&#8243; _builder_version=»4.20.4&#8243; _module_preset=»default» global_colors_info=»{}»][et_pb_blurb title=»Benedetti Dubbi (disponible solo en italiano)» url=»https://open.spotify.com/show/2QvAUYT0Ub5UJIdue4xWjy?si=93a999b23d2f4b40&amp;nd=1&#8243; url_new_window=»on» image=»https://www.focolare.org/wp-content/uploads/2023/12/PODCAST_BENEDETTI_DUBBI.jpg» _builder_version=»4.23.1&#8243; _module_preset=»default» header_level=»h3&#8243; header_font=»|700|||||||» header_text_color=»#FFB300&#8243; body_font_size=»15px» link_option_url=»https://open.spotify.com/show/2QvAUYT0Ub5UJIdue4xWjy?si=93a999b23d2f4b40&amp;nd=1&#8243; link_option_url_new_window=»on» global_colors_info=»{}»]</p>
<p>¿A qué estamos llamados? ¿Cuál es el mejor camino para seguir frente a las encrucijadas que la vida nos presenta?  ¿Nos conocemos a nosotros mismos? ¿Y, sobre todo, dónde escondieron el antídoto contra el miedo? Las preguntas que inundan nuestra vida cotidiana son las protagonistas de «Benditas dudas», la nueva serie de podcast pensada por los jóvenes y para los jóvenes. Creado por Tommaso Bertolasi e Laura Salerno. </p>
<p>[/et_pb_blurb][/et_pb_column][et_pb_column type=»1_3&#8243; _builder_version=»4.19.5&#8243; _module_preset=»default» global_colors_info=»{}»][et_pb_blurb title=»Edu para la unidad (en italiano, español y portugués)» url=»https://open.spotify.com/show/2CoKSBAVStMw41J8N8ZFYZ» url_new_window=»on» image=»https://www.focolare.org/wp-content/uploads/2023/12/EDUXUnity-01.png» _builder_version=»4.27.2&#8243; _module_preset=»default» header_level=»h3&#8243; header_font=»|700|||||||» header_text_color=»#FFB300&#8243; body_font_size=»15px» link_option_url=»https://open.spotify.com/show/2CoKSBAVStMw41J8N8ZFYZ» link_option_url_new_window=»on» locked=»off» global_colors_info=»{}»]</p>
<p>Un camino en etapas hacia una nueva cultura educativa de la infancia y la adolescencia. Aprender a conocer y acompañar a los jóvenes en su crecimiento, cuidando la realización plena y libre a la que están llamados. «EDU FOR UNITY» es el podcast producido por el equipo de «EduxEdu, Educarse para educar», un programa internacional de formación para educadores promovido por el Movimiento de los Focolares.</p>
<p><a href="https://open.spotify.com/show/7ajoeSzx6I59cNh4BAloLb" target="_blank" rel="noopener">Italiano</a> / <a href="https://open.spotify.com/show/1bdWTnRKN87JTLGWwa5nE3?si=z7Lj9vAqSYirv_9Hn7j9oQ" target="_blank" rel="noopener">Portugués</a></p>
<p>&nbsp;</p>
<p>[/et_pb_blurb][/et_pb_column][et_pb_column type=»1_3&#8243; _builder_version=»4.24.2&#8243; _module_preset=»default» global_colors_info=»{}»][et_pb_blurb title=»Sparks (en inglés)» url=»https://open.spotify.com/show/0HBjdYWANuuj628TY9kTBr» url_new_window=»on» image=»https://www.focolare.org/wp-content/uploads/2024/02/Sparks-Podcast-Cover-v2.jpg» _builder_version=»4.24.2&#8243; _module_preset=»default» header_level=»h3&#8243; header_font=»|700|||||||» header_text_color=»#FFB300&#8243; body_font_size=»15px» link_option_url=»https://open.spotify.com/show/0HBjdYWANuuj628TY9kTBr» link_option_url_new_window=»on» locked=»off» global_colors_info=»{}»]</p>
<p><span>In ogni episodio vi raccontiamo storie di </span><em>changemakers<span> </span></em> <span>de diversas partes del mundo que pusieron en marcha un proyecto, una empresa o un negocio tras inspirarse en una «chispa»: una pequeña luz que contagió a muchas otras personas. Cada uno de ellos nos lleva a su país para sumergirnos en su cultura y contarnos cómo empezó su proyecto.</span></p>
<p>&nbsp;</p>
<p>[/et_pb_blurb][/et_pb_column][/et_pb_row][/et_pb_section]</p>

<p>Podcast¿A qué estamos llamados? ¿Cuál es el mejor camino para seguir frente a las encrucijadas que la vida nos presenta? ¿Nos conocemos a nosotros mismos? ¿Y, sobre todo, dónde escondieron el antídoto contra el miedo? Las preguntas que inundan nuestra vida cotidiana son las protagonistas de «Benditas dudas», la nueva serie de podcast pensada por [&hellip;]</p>
